{"version":"1.0","provider_name":"Soci\u00e9t\u00e9 Psychanalytique de Recherche et de Formation","provider_url":"https:\/\/sprf.asso.fr\/sprfwp","title":"Soci\u00e9t\u00e9 Psychanalytique de Recherche et de Formation - Soci\u00e9t\u00e9 Psychanalytique de Recherche et de Formation","type":"rich","width":600,"height":338,"html":"<blockquote class=\"wp-embedded-content\" data-secret=\"S4KMUOcMjG\"><a href=\"https:\/\/sprf.asso.fr\/sprfwp\/\">Soci\u00e9t\u00e9 Psychanalytique de Recherche et de Formation<\/a><\/blockquote><iframe sandbox=\"allow-scripts\" security=\"restricted\" src=\"https:\/\/sprf.asso.fr\/sprfwp\/embed\/#?secret=S4KMUOcMjG\" width=\"600\" height=\"338\" title=\"\u00ab\u00a0Soci\u00e9t\u00e9 Psychanalytique de Recherche et de Formation\u00a0\u00bb &#8212; Soci\u00e9t\u00e9 Psychanalytique de Recherche et de Formation\" data-secret=\"S4KMUOcMjG\" frameborder=\"0\" marginwidth=\"0\" marginheight=\"0\" scrolling=\"no\" class=\"wp-embedded-content\"><\/iframe><script>\n\/*! This file is auto-generated *\/\n!function(d,l){\"use strict\";l.querySelector&&d.addEventListener&&\"undefined\"!=typeof URL&&(d.wp=d.wp||{},d.wp.receiveEmbedMessage||(d.wp.receiveEmbedMessage=function(e){var t=e.data;if((t||t.secret||t.message||t.value)&&!\/[^a-zA-Z0-9]\/.test(t.secret)){for(var s,r,n,a=l.querySelectorAll('iframe[data-secret=\"'+t.secret+'\"]'),o=l.querySelectorAll('blockquote[data-secret=\"'+t.secret+'\"]'),c=new RegExp(\"^https?:$\",\"i\"),i=0;i<o.length;i++)o[i].style.display=\"none\";for(i=0;i<a.length;i++)s=a[i],e.source===s.contentWindow&&(s.removeAttribute(\"style\"),\"height\"===t.message?(1e3<(r=parseInt(t.value,10))?r=1e3:~~r<200&&(r=200),s.height=r):\"link\"===t.message&&(r=new URL(s.getAttribute(\"src\")),n=new URL(t.value),c.test(n.protocol))&&n.host===r.host&&l.activeElement===s&&(d.top.location.href=t.value))}},d.addEventListener(\"message\",d.wp.receiveEmbedMessage,!1),l.addEventListener(\"DOMContentLoaded\",function(){for(var e,t,s=l.querySelectorAll(\"iframe.wp-embedded-content\"),r=0;r<s.length;r++)(t=(e=s[r]).getAttribute(\"data-secret\"))||(t=Math.random().toString(36).substring(2,12),e.src+=\"#?secret=\"+t,e.setAttribute(\"data-secret\",t)),e.contentWindow.postMessage({message:\"ready\",secret:t},\"*\")},!1)))}(window,document);\n\/\/# sourceURL=https:\/\/sprf.asso.fr\/sprfwp\/wp-includes\/js\/wp-embed.min.js\n<\/script>\n","description":"\u00c9ditorial Loading&#8230; De retour d\u2019Oslo publi\u00e9 le 7 avril 2026 Anna Dal Mas, Vice-Pr\u00e9sidente Dans les temps tumultueux que nous vivons, les occasions d\u2019\u00e9prouver un peu de r\u00e9pit sont sans aucun doute bienvenues. Ce fut le cas durant les quelques jours de la r\u00e9cente Conf\u00e9rence annuelle de la F\u00e9d\u00e9ration Europ\u00e9enne de Psychanalyse (FEP) qui se [&hellip;]","thumbnail_url":"https:\/\/sprf.asso.fr\/sprfwp\/wp-content\/uploads\/2024\/04\/240206_Image_epf-conf_florence.png","thumbnail_width":683,"thumbnail_height":488}

Société Psychanalytique de Recherche et de Formation

Société Psychanalytique de Recherche et de Formation - Société Psychanalytique de Recherche et de Formation

<blockquote class="wp-embedded-content" data-secret="S4KMUOcMjG"><a href="https://sprf.asso.fr/sprfwp/">Société Psychanalytique de Recherche et de Formation</a></blockquote><iframe sandbox="allow-scripts" security="restricted" src="https://sprf.asso.fr/sprfwp/embed/#?secret=S4KMUOcMjG" width="600" height="338" title="« Société Psychanalytique de Recherche et de Formation » &#8212; Société Psychanalytique de Recherche et de Formation" data-secret="S4KMUOcMjG" frameborder="0" marginwidth="0" marginheight="0" scrolling="no" class="wp-embedded-content"></iframe><script>
/*! This file is auto-generated */
!function(d,l){"use strict";l.querySelector&&d.addEventListener&&"undefined"!=typeof URL&&(d.wp=d.wp||{},d.wp.receiveEmbedMessage||(d.wp.receiveEmbedMessage=function(e){var t=e.data;if((t||t.secret||t.message||t.value)&&!/[^a-zA-Z0-9]/.test(t.secret)){for(var s,r,n,a=l.querySelectorAll('iframe[data-secret="'+t.secret+'"]'),o=l.querySelectorAll('blockquote[data-secret="'+t.secret+'"]'),c=new RegExp("^https?:$","i"),i=0;i<o.length;i++)o[i].style.display="none";for(i=0;i<a.length;i++)s=a[i],e.source===s.contentWindow&&(s.removeAttribute("style"),"height"===t.message?(1e3<(r=parseInt(t.value,10))?r=1e3:~~r<200&&(r=200),s.height=r):"link"===t.message&&(r=new URL(s.getAttribute("src")),n=new URL(t.value),c.test(n.protocol))&&n.host===r.host&&l.activeElement===s&&(d.top.location.href=t.value))}},d.addEventListener("message",d.wp.receiveEmbedMessage,!1),l.addEventListener("DOMContentLoaded",function(){for(var e,t,s=l.querySelectorAll("iframe.wp-embedded-content"),r=0;r<s.length;r++)(t=(e=s[r]).getAttribute("data-secret"))||(t=Math.random().toString(36).substring(2,12),e.src+="#?secret="+t,e.setAttribute("data-secret",t)),e.contentWindow.postMessage({message:"ready",secret:t},"*")},!1)))}(window,document);
//# sourceURL=https://sprf.asso.fr/sprfwp/wp-includes/js/wp-embed.min.js
</script>

Éditorial Loading&#8230; De retour d’Oslo publié le 7 avril 2026 Anna Dal Mas, Vice-Présidente Dans les temps tumultueux que nous vivons, les occasions d’éprouver un peu de répit sont sans aucun doute bienvenues. Ce fut le cas durant les quelques jours de la récente Conférence annuelle de la Fédération Européenne de Psychanalyse (FEP) qui se [&hellip;]
